 (-1)/12 - ((-7362)/216 + 6)?
14
Suppose -8 = -113*w + 105*w. Calculate the remainder when (54/(-8))/w*200/(-75) is divided by 5 - 1 - (0 + -1).
3
Let p = -11971 - -12047. Calculate the remainder when p is divided by 46.
30
Let y(m) = 10*m + 73. Let q be y(-7). Suppose q*k + 2*r = 138, 33*r = -k + 38*r + 29. Calculate the remainder when 214 is divided by k.
38
Suppose 951*k = 959*k. Suppose -73*w + 60*w + 559 = k. What is the remainder when w is divided by 38?
5
Suppose 0 = -5*g - q + 206, 0*g - 165 = -4*g - q. Suppose -2*l - 471 - 309 = 0. Let u = l + 401. What is the remainder when g is divided by u?
8
Let l be (-3)/((-273)/66 + 4). Let d = 6 - l. Let f = -7 - d. What is the remainder when 23 is divided by f?
5
Let c = -146 + 244. Suppose 4*x - 1346 + c = 0. What is the remainder when x is divided by 15?
12
Suppose 10 = n - 14. Let o = n - 16. Suppose 5414*q - 5410*q - 144 = 0. What is the remainder when q is divided by o?
4
Let u be ((-70)/4)/(-1) + 12/24. Suppose 2*j = u*j - 3024. Let k(d) = -3*d + 20. Calculate the remainder when j is divided by k(-6).
37
Let d = -154 - -222. Calculate the remainder when d is divided by (677/4062)/(2/24).
0
Suppose n = -3*q + 13, -4*n = q + 15 - 1. Suppose 323 + 61 = q*v. Calculate the remainder when v is divided by 17.
13
Let u = -14 - -25. Let h(y) = y**2 - 8*y - 30. Let g be h(u). Suppose -g*f - 14 = -b + 15, -2*b - 4*f = -78. Calculate the remainder when b is divided by 13.
9
Calculate the remainder when (-327)/(-4 + 110/30) is divided by 108.
9
What is the remainder when 211 is divided by ((32 - 18) + -20)/((-11)/(-13) - 1)?
16
Suppose -7996 = -4*b - 4*x, -907*b + 2*x = -904*b - 6037. Calculate the remainder when b is divided by 142.
19
What is the remainder when 390 is divided by ((-14740)/(-16))/5 + 3/4?
20
Let l(g) = -150*g + 160. Calculate the remainder when 6209 is divided by l(1).
9
Suppose 4*a = -r - 2*r + 33, -5*r - 23 = -2*a. Suppose 3*b + 2*c = 159, 11*c = -b + 12*c + 53. What is the remainder when b is divided by a?
8
Let n(x) = 17*x**2 + 30*x - 5. Let s(q) = 17*q**2 + 29*q - 7. Let z(b) = 3*n(b) - 2*s(b). Calculate the remainder when z(2) is divided by 30.
11
Suppose 2*s - 3*h = 1520, -3*s - 3*h - 944 = -3224. Let m = s - 690. Calculate the remainder when m is divided by 30.
10
Let a = -102 + 395. What is the remainder when a is divided by 23?
17
Suppose 0*t = 2*a - t - 1, 2*a - 21 = -3*t. Suppose -x - 10 = -a*x. Suppose -x*f + 672 = f. Calculate the remainder when f is divided by 38.
36
Let h be (8/(-20) - 0) + (-2)/(-5). Suppose 0*k - 3*k + 21 = h. Suppose -k - 16 = -t. What is the remainder when 44 is divided by t?
21
Suppose 3*d + 24*i - 21*i = 234, -5*i + 25 = 0. Calculate the remainder when 272 is divided by d.
53
Calculate the remainder when (-1476)/(-99)*1122/68 is divided by 16.
6
Let q be 8/(-28) + 510/21. Let t(c) = c**3 + 36*c**2 + 34*c - 25. What is the remainder when 6*(q/4 + 0) is divided by t(-35)?
6
Let u(x) = 55*x - 394. Calculate the remainder when u(15) is divided by 28.
11
Suppose 0 = -5*i - 20, -h + 3*h = -3*i - 20. Suppose 5*z = 4*g + 42, 2 = 3*z - 4. What is the remainder when (h/g)/((-4)/2976*-3) is divided by 21?
19
Suppose 173 = -9*z - 241. What is the remainder when 105 is divided by z/(-69) - (-368)/6?
43
Let d(c) = 101*c + 313. Suppose 0*v + 76 = 2*v + 4*w, -w + 190 = 5*v. What is the remainder when v is divided by d(-3)?
8
Let y be 0/((1/(-3))/((-1)/(-6))). Suppose -12*b + 7*b + 65 = y. Calculate the remainder when 74 is divided by b.
9
Suppose c - 4*n - 204 = 0, -3377*c + 3378*c = 2*n + 200. Calculate the remainder when c is divided by 92.
12
Suppose -4*c + 12 = 0, 12*z = 8*z - 3*c + 117. Suppose -5*m - 3*u + 310 = 0, -31*u + 20 = -z*u. What is the remainder when 352 is divided by m?
57
Let l(b) = -b**2 - 8*b - 8. Let d be l(-6). Let c(z) = 2*z**3 + 6*z**2 - 5*z + 3. Calculate the remainder when 2/(-8) + 69/d is divided by c(1).
5
Let l = 21936 - 21642. Calculate the remainder when 3521 is divided by l.
287
Let l = 88645 - 88551. Calculate the remainder when l is divided by (-1 + 0)*(-5 - 85).
4
What is the remainder when (-82 + 13 + 2)*-4 is divided by 146?
122
Suppose -6915 = -3*p - t, -t - 311 + 9532 = 4*p. Calculate the remainder when p is divided by 459.
11
Let d(m) = 250*m - 6628. What is the remainder when d(30) is divided by 425?
22
Suppose 130 = 17*o - 3253. Let a = -194 + o. Calculate the remainder when 83 is divided by a.
3
Let n(f) = f**3 + 23*f**2 + 40*f - 13. Suppose -2*x + 50 = -3*i + i, 113 = -5*i + 2*x. What is the remainder when 37 is divided by n(i)?
8
Suppose 5*v + r = -r + 1202, 4*v = -r + 961. Let n = 133 + -129. Calculate the remainder when (8/3)/(n/v*5) is divided by 5.
2
Let n(f) = 3*f**2 - 49*f + 130. Calculate the remainder when n(17) is divided by 13.
8
Let w(h) = 2*h**3 - 26*h**2 - 10*h + 183. What is the remainder when 1774 is divided by w(13)?
25
Let n(u) = u**3 - 71*u**2 - 370*u - 121. Calculate the remainder when n(76) is divided by 22.
1
Let t(p) = -49*p + 609. Let w = -125 - -140. Calculate the remainder when t(11) is divided by w.
10
Let a(x) = 16*x**2 + 6*x + 4. Let y be a(-3). Suppose -g - y = 12*g. What is the remainder when 142 is divided by ((-116)/g)/(4/10)?
26
What is the remainder when 206 is divided by (198/12)/(9/10 - (-15)/(-25))?
41
Suppose 4*n + 5*c + 29 = 2*c, -2*n = -c + 17. Let p = 95 + n. What is the remainder when p is divided by 13?
9
Suppose 18 = t - 8*s + 6*s, 0 = 4*s - 12. Suppose 3 = w + 1. Suppose -6*j + w*j = -60. What is the remainder when t is divided by j?
9
Let c(x) = 2*x**2 + 130*x + 1226. Calculate the remainder when 251 is divided by c(-10).
125
Suppose -301 - 299 = -4*z. Let g = -106 + z. What is the remainder when 130 is divided by g?
42
Let c = 89 - 64. Suppose 89*z - 85*z = 28, -3*u = -2*z - 502. Calculate the remainder when u is divided by c.
22
Let o = 18 + -40. Let s = o - -44. Let j = -14 + s. Calculate the remainder when j is divided by 7.
1
Calculate the remainder when 14555/10 - (-22)/44 is divided by 1456.
0
Let x(j) = 3*j**2 + 43*j - 25. Let p be x(-15). Suppose 2*t - 2*z + 4 = 46, -115 = -p*t + 3*z. Calculate the remainder when 128 is divided by t.
24
Suppose -2787*q + 2759*q + 5880 = 0. What is the remainder when q is divided by 16?
2
Let b = -4087 + 4121. What is the remainder when 1750 is divided by b?
16
Suppose 110 = 6*q - 112. Suppose -2*d - 4*j = -36, -2*j + 0*j - 14 = -3*d. Suppose 137 = u - d. Calculate the remainder when u is divided by q.
34
Let y = 85 - 50. Suppose 9*k - 10*k - 5*j - 27 = 0, 3*k = j - 1. What is the remainder when (-4 + -6)*-14 - (-6)/k is divided by y?
32
What is the remainder when (-4)/((-147070)/(-49278) - 6/(1*2)) is divided by 20?
18
What is the remainder when 587 is divided by (-1587)/(-51) + 20/(-170)?
29
Suppose 364*g - 3*x = 366*g - 231, -25 = -5*x. What is the remainder when 197 is divided by g?
89
Suppose -30*n = -37*n + 21. What is the remainder when 28 is divided by 4*(-8)/24*-4*n?
12
Let y be 16 + -1*(-4 + 12). Suppose 0 = -y*m + 10*m + 2*o - 56, 40 = 2*m - 2*o. What is the remainder when m is divided by 7?
3
Suppose 5*q + 10 = 10*q. Suppose 0 = -2*y + q, -4*y + 14 = 3*g - 11. Calculate the remainder when 32 is divided by g.
4
Suppose 4*l - v = 147, -2*l - 570 + 633 = 3*v. Calculate the remainder when l is divided by ((-6)/8)/(12/(-144)).
0
Suppose 0 = -3*s + 4*s + 5*u - 71, -126 = -2*s - 2*u. Suppose s = 4*h - 55. Suppose -2233 - 11943 = -27*j - 6427. What is the remainder when j is divided by h?
26
Calculate the remainder when (-2)/14 - (-1 - 61755/105) is divided by 86.
73
Let d(h) = -h**2 + 13*h - 11. Let u = -281 + 1061. What is the remainder when u is divided by d(8)?
26
Let y(g) = -g**2 - 23*g - 43. Let c(z) = z**2 - 12*z + 14. Let u be c(8). What is the remainder when 82 is divided by y(u)?
35
Let p(h) = h + 10. Let b be p(-7). Let y be 4*b/18*48. Let i = y - 29. Calculate the remainder when 14 is divided by i.
2
Suppose 10*l - 5*l - 2*j = 183, 3*l + 4*j = 89. Suppose c + 651 = 5*f, -31 + l = c. What is the remainder when f is divided by 22?
21
Let g = -5507 - -5534. Calculate the remainder when g is divided by (-9)/(-1) + 4/(-4).
3
Let r(m) = 6*m - 2626. Let x(a) = 2*a - 525. Let y(z) = 3*r(z) - 14*x(z). What is the rema